me number?
False
Is 29349218611 prime?
False
Is 2027105819 prime?
True
Is 118109399 prime?
False
Is 7483456217 prime?
False
Is 1206580307 prime?
True
Is 44945495093 composite?
True
Is 20832141313 a prime number?
False
Is 19842731317 prime?
False
Is 15802152518 a composite number?
True
Is 737925359 prime?
True
Is 2852143981 composite?
True
Is 2119264567 a prime number?
False
Is 1542326363 a prime number?
False
Is 382353253 a prime number?
True
Is 1699394779 composite?
True
Is 1262950709 a composite number?
False
Is 14417817199 a prime number?
False
Is 36671408927 a composite number?
False
Is 348140245 composite?
True
Is 1709009087 composite?
False
Is 75339137431 a composite number?
True
Is 24403505359 composite?
False
Is 4647895697 a prime number?
False
Is 251388409 a composite number?
False
Is 79848329537 a prime number?
False
Is 10590960287 composite?
False
Is 1485655219 composite?
False
Is 12504505297 a composite number?
True
Is 6837027767 composite?
True
Is 2496257819 a composite number?
True
Is 754059337 a prime number?
True
Is 36493767529 composite?
True
Is 5915963243 prime?
True
Is 1275482921 a composite number?
False
Is 60750541571 composite?
True
Is 40339703927 a prime number?
True
Is 2077763201 prime?
True
Is 14683699127 prime?
True
Is 2109321637 composite?
False
Is 63638063539 a composite number?
True
Is 21747592921 prime?
False
Is 39840148969 composite?
False
Is 3873562633 a composite number?
False
Is 2107521347 composite?
True
Is 3554467217 prime?
False
Is 39762319067 composite?
False
Is 2207829721 a composite number?
False
Is 13195822019 prime?
True
Is 1696831967 composite?
True
Is 6448135229 prime?
True
Is 2600532331 prime?
True
Is 22620784883 a composite number?
False
Is 3067189267 composite?
True
Is 922889029 prime?
True
Is 1268882311 a composite number?
True
Is 259745963 a composite number?
False
Is 5973400801 prime?
True
Is 2124249097 a prime number?
False
Is 39434209753 a composite number?
True
Is 22975844027 a composite number?
True
Is 5851252067 prime?
True
Is 44941475041 prime?
True
Is 729911603 composite?
False
Is 20957971822 prime?
False
Is 9637415299 a prime number?
True
Is 49958152537 a prime number?
False
Is 1812758273 a prime number?
True
Is 241107611 a prime number?
True
Is 4122408337 composite?
False
Is 2909485597 prime?
False
Is 534763535 prime?
False
Is 2985755533 composite?
True
Is 2136011833 a composite number?
True
Is 15749056991 prime?
True
Is 6378178271 a composite number?
False
Is 73710502973 composite?
False
Is 16737791141 a prime number?
False
Is 71482463989 prime?
True
Is 31388574479 prime?
True
Is 11835077 a composite number?
True
Is 263014681 a composite number?
True
Is 1464617081 prime?
False
Is 230362513 prime?
True
Is 13198320691 prime?
True
Is 688085653 a composite number?
False
Is 11414205781 a composite number?
True
Is 98025548297 prime?
False
Is 133420731077 a prime number?
True
Is 5155257799 prime?
False
Is 8050499773 prime?
False
Is 28647810245 a composite number?
True
Is 1310533841 a prime number?
True
Is 340414107653 a composite number?
True
Is 879448433 a prime number?
True
Is 4301198833 prime?
False
Is 216916759 composite?
False
Is 25927917233 composite?
False
Is 166096019 prime?
False
Is 394224997 a prime number?
True
Is 67371853199 prime?
False
Is 248555287 a composite number?
True
Is 630294851 a composite number?
False
Is 411012558317 prime?
False
Is 5636992541 prime?
True
Is 313039817 a composite number?
True
Is 7729592641 prime?
False
Is 1602638171 prime?
False
Is 98810843361 a composite number?
True
Is 3465208039 a prime number?
False
Is 37367227561 composite?
True
Is 2008844777 a composite number?
False
Is 22727556067 composite?
False
Is 9313927289 composite?
True
Is 3985946333 composite?
True
Is 40497855341 a composite number?
False
Is 6469291331 composite?
False
Is 2420513551 a prime number?
False
Is 215758719641 prime?
True
Is 3411645113 a prime number?
True
Is 7021372321 prime?
True
Is 3482793071 a prime number?
True
Is 10611620863 a prime number?
False
Is 3894620927 composite?
False
Is 1731302203 a prime number?
False
Is 101283977567 a composite number?
False
Is 516319337 a composite number?
False
Is 203683019 composite?
False
Is 24678476573 a prime number?
True
Is 132105241 prime?
True
Is 44544677389 prime?
True
Is 1541332385 composite?
True
Is 9813793621 prime?
True
Is 1055932837 composite?
True
Is 8178625603 a prime number?
True
Is 921327677 a prime number?
True
Is 2818319501 composite?
False
Is 1850940407 prime?
True
Is 1306418263 composite?
False
Is 2011536257 a prime number?
False
Is 48531418283 composite?
True
Is 36946913459 prime?
True
Is 24069631379 a composite number?
False
Is 585674605 composite?
True
Is 30017604403 a composite number?
True
Is 28197265313 composite?
True
Is 5677056611 composite?
False
Is 445944553 prime?
True
Is 13545279403 a composite number?
False
Is 47749323697 prime?
True
Is 197657270897 composite?
False
Is 1198650907 prime?
False
Is 57463979 prime?
True
Is 17731728617 composite?
True
Is 14318212631 composite?
True
Is 3771973967 a prime number?
True
Is 6017931643 composite?
True
Is 224230836562 prime?
False
Is 1061013661 a prime number?
False
Is 377714489 a composite number?
False
Is 49379620613 composite?
False
Is 100880443147 a composite number?
True
Is 866490749 a prime number?
True
Is 483361447 a prime number?
True
Is 5578348729 a composite number?
False
Is 4724306855 prime?
False
Is 48337514 a composite number?
True
Is 133716089333 a composite number?
True
Is 90097286581 a prime number?
True
Is 529869203 a composite number?
False
Is 3108910129 prime?
False
Is 30403417939 prime?
False
Is 16737175543 a prime number?
False
Is 9406518361 a prime number?
True
Is 71797827961 a composite number?
True
Is 1056760321 a composite number?
False
Is 636222403 composite?
False
Is 648555143 a prime number?
True
Is 21956906297 prime?
True
Is 55162334471 prime?
True
Is 15198813421 prime?
False
Is 5121994613 a composite number?
False
Is 69962773489 a composite number?
True
Is 4950974459 composite?
False
Is 8247558353 prime?
True
Is 7473507047 a prime number?
False
Is 18904962179 a prime number?
True
Is 13543944145 a composite number?
True
Is 3495016163 a composite number?
False
Is 325822933 composite?
True
Is 5646891383 a prime number?
False
Is 3950425079 a prime number?
True
Is 9213213989 a prime number?
False
Is 1607645021 a prime number?
True
Is 781948987 a prime number?
True
Is 1241879341 prime?
False
Is 34390921 prime?
True
Is 277211198353 a composite number?
False
Is 6558911197 composite?
True
Is 21800371859 prime?
False
Is 7637663669 a prime number?
True
Is 1109239661 a prime number?
False
Is 1711316047 prime?
False
Is 23184494987 a prime number?
False
Is 143878476743 a composite number?
False
Is 114474817 prime?
True
Is 34007024369 composite?
True
Is 2338127423 a prime number?
True
Is 2566792607 prime?
True
Is 81785345527 a composite number?
True
Is 23897728639 prime?
False
Is 43787742883 a composite number?
True
Is 5007136487 composite?
False
Is 12138535733 composite?
True
Is 797873003 prime?
True
Is 1059929641 a prime number?
True
Is 972756887 prime?
True
Is 1726597709 prime?
True
Is 28008640211 a prime number?
False
Is 31751358763 a prime number?
False
Is 124188494281 prime?
False
Is 39028521913 prime?
True
Is 47843972369 a composite number?
False
Is 12604265083 composite?
True
Is 696055331 prime?
True
Is 12152031479 a composite number?
True
Is 4183212479 prime?
True
Is 7862264989 composite?
True
Is 33251281729 prime?
False
Is 175544311871 prime?
False
Is 98167286869 composite?
False
Is 1149296893 a composite number?
False
Is 7242637505 prime?
False
Is 1246266287 a composite number?
True
Is 249663691 composite?
False
Is 4678226081 composite?
False
Is 129699851663 a composite number?
True
Is 490507295 a prime number?
False
Is 111875507 a composite number?
True
Is 7612548095 prime?
False
Is 429667291 a composite number?
False
Is 8953229323 a composite number?
False
Is 2094254997 a composite number?
True
Is 2136832003 composite?
False
Is 13089773947 a composite number?
False
Is 9447467021 a prime number?
False
Is 34807924841 a prime number?
False
Is 3002611373 a composite number?
True
Is 28781792527 a prime number?
True
Is 3395082221 composite?
F